= i**3 - 73*i**2 - 83*i + 197. List the prime factors of c(79).
2, 3, 11, 157
Suppose -10*a = -6*a - 8. Suppose 0 = -a*p + 4*f + 535 + 21, 2*p - 556 = 3*f. List the prime factors of p.
2, 139
What are the prime factors of 5400/675*71846/16?
35923
Suppose -184*k + 180*k + 10820 = 0. Suppose -z - 640 - 261 = -x, -3*x + 4*z = -k. What are the prime factors of x?
29, 31
Let q be (6*1/(-2))/1. Let d be (7 + -6)/(-2*2 - q). What are the prime factors of (-706)/(-4) - (d + 9/6)?
2, 11
Suppose 6*n + 180 = -2838. Let q = -303 - n. List the prime factors of q.
2, 5
Let n be (-83)/(-6) + (-3)/(-18). Suppose n*t - 777 = -7*t. What are the prime factors of t?
37
Suppose -c = 2*c - 4*c. Suppose -3*r - 8 = 2*x, -2*x - 6*r + r - 8 = c. Let u(s) = -2*s**3 + 8*s - 2. List the prime factors of u(x).
2, 47
Let s = 35 - 52. Suppose -4*n + 10*n - 258 = 0. Let t = n + s. List the prime factors of t.
2, 13
Let b(c) = 97*c - 4. Suppose 19*d - 52 = 5. Let n be b(d). Let u = n - 123. What are the prime factors of u?
2, 41
Let s(r) = -r + 24. Let a be s(8). List the prime factors of -376*(3 - -2*(-28)/a).
2, 47
Suppose 0 = 5*r + 4*a + 947, 4*r + 0*a - 4*a = -736. Let n = 7 + r. What are the prime factors of (-15*(-8)/(-36))/(3/n)?
2, 5
Suppose 26499 + 33041 = 13*r. List the prime factors of r.
2, 5, 229
Let v(q) = q**3 - 13*q**2 + 10*q + 11. Let p be v(14). Suppose -3637 = -12*k + p. List the prime factors of k.
2, 83
Suppose -3*k = v - 1, -5*k + 3 = 4*v - v. Suppose 0*c + 2*y = -4*c + 870, k = -3*c - 3*y + 654. List the prime factors of c.
7, 31
Let q = 4844 + -4301. What are the prime factors of q?
3, 181
What are the prime factors of ((-184)/23)/(3/3138*-1)?
2, 523
Suppose 0 = m - f - 4960, -1783 - 8137 = -2*m - 4*f. Suppose -33*c = -28*c - m. What are the prime factors of c?
2, 31
Let n = 85325 + -43903. List the prime factors of n.
2, 139, 149
Let h(k) = -3*k**3 - 2*k + 50. Suppose 0*q - q = -1. Let a(w) = -w**3 - w. Let t(j) = q*h(j) - 2*a(j). What are the prime factors of t(0)?
2, 5
Suppose -2*m + 67 = -3*s, 2*s - 3*m + 24 = -14. Let r(n) be the second derivative of -n**4/12 - 16*n**3/3 - 35*n**2/2 - 604*n. List the prime factors of r(s).
2, 5, 7
Let w = 164 - 174. Let s(k) = 4*k**2 + 19*k - 12. List the prime factors of s(w).
2, 3, 11
List the prime factors of 1219250/(-150)*((-15)/(-100))/(1/(-8)).
2, 4877
Let k(d) = d**3 + 3*d**2 - d + 1080. Let j be k(0). Suppose 15*l - j = 20*l. What are the prime factors of (-6)/30 - l/5?
43
Let v(j) = j**3 + 9*j**2 + 2*j + 74. What are the prime factors of v(17)?
2, 37, 103
Suppose 2*c - 217 = 3*j - 1034, 5*j - 1359 = 4*c. Let n = j + -236. What are the prime factors of n?
3, 13
Suppose 4*y = 4*h - h - 68, 0 = 2*h - 5*y - 57. Let v(c) = 15*c + 35. What are the prime factors of v(h)?
5, 11
Suppose 4012*q - 4895 = 3957*q. List the prime factors of q.
89
Let c(u) = 6*u**2 + 44*u - 52. Suppose -5*h + y - 25 = -7*h, -h + y + 5 = 0. What are the prime factors of c(h)?
2, 13, 19
Suppose c + s + 22 = -2*c, -36 = 4*c + 3*s. List the prime factors of (c + 9 - (0 - 89)) + -4.
2, 11
List the prime factors of 4 + (11 - 15) + 7502.
2, 11, 31
Let x = 23 + -9. Suppose x*v = 10*v - 168. Let d = 9 - v. What are the prime factors of d?
3, 17
Let k = -13519 + 22660. List the prime factors of k.
3, 11, 277
Let j(k) = -338*k**3 + 14*k**2 + 14*k + 144. What are the prime factors of j(-6)?
2, 3, 6131
Let q(a) = 3*a**3 - a**2 - 7*a - 8. Let j be q(6). Suppose 2*i - 7*i - f - 944 = 0, 3*i + 5*f = -j. List the prime factors of 4/10 + i/(-15).
13
Suppose -2*r - 12 = z, -2*r + 11 = 3. Let l = z - -22. Suppose x - 5*j - 50 = 0, x + 52 = l*x - 4*j. What are the prime factors of x?
2, 3, 5
Suppose 12*u - 42 = 5*u. Suppose u*g + g = 84. List the prime factors of (1 + -7)*(-128)/g.
2
Suppose 445622 + 1020934 = 68*g. What are the prime factors of g?
3, 7, 13, 79
Let g(z) = -1569*z + 360. List the prime factors of g(-7).
3, 19, 199
Let y = 4149 + -4447. Suppose 0 = -3*i + i - 890. Let d = y - i. What are the prime factors of d?
3, 7
Let z = -5839 - -26970. List the prime factors of z.
11, 17, 113
Let z be ((-8)/(-6))/((-2)/51). Suppose 0 = -15*p + 259 - 244. Let f = p - z. List the prime factors of f.
5, 7
Let d(o) be the third derivative of o**4 - 35*o**3/2 + o**2 - 12*o. List the prime factors of d(6).
3, 13
Suppose -k - 2*d = 5, -3*k + 21 + 4 = -2*d. Suppose 2*c - 2402 = 5*x, k*c + 3*x - 6005 = 4*x. List the prime factors of c.
1201
Let s = -331 - -346. Let d = s + 91. List the prime factors of d.
2, 53
Suppose -3*p + 15259 = 3*j - 15950, 31215 = 3*j + 2*p. What are the prime factors of j?
7, 1487
Let t(j) = 250*j**2 - 5*j - 15. Let a be t(5). Suppose -10*c = -15*c + a. List the prime factors of c.
2, 3, 23
Let s = -9 - -73. Suppose -16*j - 15 = -2*f - 17*j, 0 = -5*j + 25. Suppose 3*v - f*v + s = 4*t, -3*t + 29 = v. What are the prime factors of v?
2, 19
Let q be -1341 + (-4)/(-4)*5. Let x = -857 - q. List the prime factors of x.
479
Let v = -369 + 4333. List the prime factors of v.
2, 991
Let j be (15/(-9) - -1)/(4/(-894)). Let r be (12/4)/3 - j*-11. Suppose 2*w = -6*w + r. What are the prime factors of w?
5, 41
Let s(h) = -h**3 - 105*h**2 - 388*h - 23. List the prime factors of s(-102).
19, 439
Let h be (-4)/(-2) - (-2520)/(-28). What are the prime factors of (-18 - -35)*(0 - 3 - h)?
5, 17
Let p(t) = t**3 - 18*t**2 + 7*t - 6. Let k be p(17). Let q = k + 404. List the prime factors of q.
2, 3, 19
Let q(n) = -n**2 - 8*n - 15. Let r be q(-6). Let l be 2*(2 + r)*(-99)/22. Suppose y = l*y - 120. What are the prime factors of y?
3, 5
Let v(l) = -l**3 - 50*l**2 + 78*l + 322. List the prime factors of v(-54).
2, 13, 23
Let k = -87494 - -146251. List the prime factors of k.
58757
Suppose -46*h + 26*h - 3*h + 690759 = 0. List the prime factors of h.
3, 47, 71
Let l = 29 - -572. Suppose -4*s + 9*s = -3*q + 3095, s - l = 3*q. List the prime factors of s.
2, 7, 11
Let v = 116 - -64. Suppose -924 = -5*c - 12*x + 9*x, -3*x = c - v. List the prime factors of c.
2, 3, 31
Let r = 132 + -128. Suppose -6 - 1 = -3*s + 5*z, -r*z = -4*s + 12. Suppose 320 = 5*n - 5*a, -4*n + 217 = s*a - 31. List the prime factors of n.
3, 7
Suppose 3*b - 9 = -0*b. Suppose -b*h = -h - 5*h. Suppose 4*r + 8 + 8 = 0, h = 5*v - r - 434. What are the prime factors of v?
2, 43
List the prime factors of (10/(-35)*14/6)/(324/(-9048834)).
43, 433
Suppose 3*v + 3*z = -21, -8*z + 3*z + 55 = -5*v. What are the prime factors of (3/v)/((-7)/6342)?
2, 151
Let a(o) = -23640*o + 1777. What are the prime factors of a(-3)?
139, 523
Suppose -5*m = -4*c - 16087, 0 = 5*m + 3*c - 3527 - 12504. What are the prime factors of m?
13, 19
Let l(k) = -5*k**2 - 1. Let i(x) = 9*x**2 - x + 3. Let f(y) = 4*i(y) + 7*l(y). Let d be f(4). Suppose -d*n + 10*n = 345. What are the prime factors of n?
3, 23
Let n(r) = r**2 + 7*r - 48. Let y be n(-11). List the prime factors of (y/(-2) + 49)*(-252)/(-108).
7, 17
Let p = 14 + -10. Suppose p*l = 4*x - 84, -4*l - 3*x = -8*x + 81. Let i = 87 + l. What are the prime factors of i?
3, 7
Let d = 171 - 111. Suppose -x + f = 4, 16*x + f - 4 = 18*x. List the prime factors of x + d + -10 + 11.
61
Let k(z) = 31*z**2 + 4*z - 31. Let i(x) = -2*x**3 + x**2 + 7. Let u be i(2). What are the prime factors of k(u)?
2, 181
Let d(w) = 11*w - 37. Let m be d(12). Let u(g) = -7*g - 101*g**3 - m*g**3 + 17*g**2 - 24 + 197*g**3. List the prime factors of u(-17).
5, 19
Let n(b) = -3*b**2 - 86*b + 29. Let a(t) = -t**3 - 5*t**2 + 10*t + 22. Let o be a(-5). List the prime factors of n(o).
5, 17
Let u = 44 + 737. Let j = -283 + u. What are the prime factors of j?
2, 3, 83
Let x(f) = 59*f**3 - 6*f**2 - 2*f + 2. Let c = 61 - 59. What are the prime factors of x(c)?
2, 223
Let f be 1500/(-25)*4/5. What are the prime factors of (32/f)/((-2)/510) + 3?
173
Let k(o) = o**2 - 4*o - 15. Let m be k(-3). What are the prime factors of m/48 - 17301/(-24)?
7, 103
Let s = 279 - 277. Suppose 7*i - 2*i + 1133 = 2*m, -5*i = s*m - 1163. What are the prime factors of m?
2, 7, 41
Suppose 5*n - 55 = 5. Suppose 5384 = n*m + 1304. List the prime factors of m.
2, 5, 17
Let f = 8 - -9. Let x = 109 - 82. Let j = x + f. What are the prime factors of j?
2, 11
Let c be (-1 + -3)/16 - 18/(-8). Suppose i + i - 2*f = 14, 4*f = c*i - 20. Suppose 0*